inder when q is divided by 7?
5
Let k = 431 + -288. Calculate the remainder when k is divided by 24.
23
Let m(r) = -r**2 + 3*r + 16. Let y be m(6). Let g(t) = -2*t**3 + t**2 + t - 3. Calculate the remainder when 86 is divided by g(y).
11
Let y = 85 - 164. Let r = y + 139. Calculate the remainder when r is divided by 16.
12
Let x be (-644)/(-98) - 4/7. Suppose x*z - 2*z = 76. Calculate the remainder when 53 is divided by z.
15
Suppose -2*z - 3 = -25. Suppose 4*p - z = 3*d - 59, -26 = 2*p - 2*d. Let o = p + 15. Calculate the remainder when 10 is divided by o.
4
Let q = -94 - -114. Let c = 25 - q. Calculate the remainder when 24 is divided by c.
4
Let f(h) = -h**3 - 2*h**2 + 5. Let s(d) = -d**2 - 22*d + 19. Let g be s(-23). Calculate the remainder when f(g) is divided by 6.
1
Let q(j) be the third derivative of j**5/60 - j**4/12 + j**3/3 - 10*j**2. Let w(m) = 7*m**2 + m - 1. What is the remainder when w(3) is divided by q(5)?
14
Suppose 4*o + 5*x = -23, -2*x + 3*x + 34 = -5*o. Let h be 1/o + 242/77. What is the remainder when (1 + -2)/(h/(-285)) is divided by 32?
31
Suppose m + 0 = 4*s + 38, 0 = 5*m + 5*s - 115. Suppose 2*r - 5 = -q, 2*q - 2 = -0*r + 4*r. What is the remainder when -2 + (-2 - -55 - r) is divided by m?
24
Suppose -3*s + 30 = 2*y, -8*s = 4*y - 5*s - 48. What is the remainder when 42 is divided by y?
6
What is the remainder when 80 is divided by 20 - (1 + 4 + -3)?
8
Let w(s) = 13*s**2 - 8*s + 9. What is the remainder when w(6) is divided by 62?
57
Suppose c + 1 = -8. Let f(u) = u**3 + 8*u**2 - 11*u - 8. Let p = 63 + -14. Calculate the remainder when p is divided by f(c).
9
What is the remainder when 51/1 - (-18)/9 is divided by (-3690)/(-328) + 2/(-8)?
9
Let v(s) = s**3 + 8*s**2 - 10*s - 3. Let k = -38 + 30. What is the remainder when v(k) is divided by 20?
17
Suppose 0 = 3*a + 2*z - 103, 4*z = -22 + 6. Let l = 3635 - 3616. Calculate the remainder when a is divided by l.
18
Suppose 28 = 8*a - 12. Calculate the remainder when (-150)/(-4) + ((-15)/6)/a is divided by 20.
17
Suppose 2*a = 4*t + 96, -2*t + 212 = 5*a + 2*t. What is the remainder when 175 is divided by a?
43
Suppose 4*o + 156 = x, 4*x - 746 = -x + 3*o. Calculate the remainder when x is divided by 30.
28
Let u(x) = x + 1. Let a be u(3). Suppose 19 = 3*o + 7. What is the remainder when o is divided by -2 + 2 - (2 - a)?
0
What is the remainder when 121 is divided by (-48)/36*(-3)/(-2)*-19?
7
Let f = 361 - 346. What is the remainder when f is divided by 5?
0
Let h be -1*(-10)/(-45) + 1228/18. Suppose 66*v = h*v - 18. Suppose -2*a - a = -72. What is the remainder when a is divided by v?
6
Suppose -24*b - 828 = -42*b. What is the remainder when 316 is divided by b?
40
Let o(h) = -4*h**3 - 17*h**2 + 5*h - 21. Calculate the remainder when o(-8) is divided by 15.
14
Suppose -7*r + 5*u = -2*r - 2730, -1086 = -2*r - u. What is the remainder when r is divided by 13?
11
Let z = 43 + -29. Let c = z + -11. What is the remainder when 18 is divided by 14/c + (-4)/(-12)?
3
Let n(g) = g**2 + 2*g - 5. Let t be n(-4). Suppose -q + t = v - 9, -3*v - 44 = -2*q. What is the remainder when 44 + (-6 - -4 - -3) is divided by q?
13
Let d be ((-6)/(-15))/2 - (-37204)/(-20). Calculate the remainder when 9/(4/(-10)*225/d) is divided by 19.
15
What is the remainder when 71 is divided by -6*114/(-60) - (-2)/(-5)?
5
Let y be 1 - -1 - (-3 + 2). Suppose -54 = -y*a + a. Calculate the remainder when a is divided by ((-2)/2)/((-22)/110).
2
Let t(h) = h**3 - 4*h**2 + 4*h - 2. Let n = 23 - 24. Let a(u) = -4*u - 1. Let r be a(n). Calculate the remainder when 4 is divided by t(r).
0
Let b(f) = -f**3 + 3*f - 2. What is the remainder when b(-3) is divided by 6?
4
Let f(z) = 15*z - 8. Let d(k) = 4*k**2 - k + 3. Let l(q) = q**3 - 15*q**2 - q + 13. Let g be l(15). What is the remainder when f(6) is divided by d(g)?
19
Suppose -5*k = -25, 5*n + 9*k = 6*k + 65. Calculate the remainder when 98 is divided by n.
8
Suppose -4*j + 66 = -3*i - 15, 63 = 2*j + 3*i. Calculate the remainder when j is divided by (-47)/(-7) + 4/14.
3
Suppose -3*t + 5*t - 38 = -2*p, -3*p = -2*t + 53. Let n = -49 - -53. Suppose 0 = n*x + 20, 4*x = -g - 4*g + 410. What is the remainder when g is divided by t?
20
Let l = 109 + -39. Let n = 132 - l. What is the remainder when n is divided by 9?
8
Let t = -1 - -8. Suppose -23 = -3*z + t. What is the remainder when 18 is divided by z?
8
What is the remainder when 16 - 16 - 141*-2 is divided by 72?
66
Suppose -44 = 5*q + 4*i, -2*i = 5*q + 18 + 24. Calculate the remainder when 99 is divided by 1/(140/68 + q/4).
14
Let p(j) = 4*j**2 + j + 2. Let l(n) = -21*n + 1. Let x be l(1). Let a = x - -17. What is the remainder when p(a) is divided by 12?
11
Let a = 4 - 6. Suppose 122 = 5*g + 2*o, -7*g + 4*o = -2*g - 146. Calculate the remainder when g is divided by (3/(-9))/(a/42).
5
Suppose 3*x - 2*g + 46 = 4*x, 0 = -4*x + 4*g + 220. Let b = -9 + x. Calculate the remainder when 126 is divided by b.
40
Suppose 5*i - 38 = -13. Calculate the remainder when 14 is divided by -5*((-24)/i - -4).
2
Calculate the remainder when 247 is divided by (1 + -19)/((-16 - -39)/(-23)).
13
Let x(y) = y**3 - 11*y**2 + 19*y - 21. Let l be x(9). What is the remainder when 83 is divided by -1*l/18*51/2?
15
Suppose -3*b - 30 = -2*f, -2*f + 0*f - 2*b + 10 = 0. Let d(g) = g**2 - 10*g + 8. Let v be d(f). What is the remainder when v/2*(-3 + -73) is divided by 20?
18
Let r = 161 - 139. What is the remainder when 48 is divided by r?
4
What is the remainder when -199*4/(-2)*13/26 is divided by 54?
37
Let l(f) = f + 1. Let a be l(3). Let b(k) = k + 31. Let u be b(-9). Suppose 2*w + 11 = w + 5*c, 2*c = -a*w + u. Calculate the remainder when 11 is divided by w.
3
Let m(k) = -k**3 + 18*k**2 - 14*k + 21. Let d be m(17). Suppose -2*f - 5*p + d = -27, -5*f + 276 = 3*p. Calculate the remainder when 226 is divided by f.
55
Suppose 3*i - 435 = 3*v, 129 = 3*i + 4*v - 278. What is the remainder when i is divided by 29?
25
What is the remainder when (-18)/(-27)*354/2 - 5 is divided by 36?
5
Suppose 3*x + 2 - 14 = 0. Suppose -4 = -x*l, -2*l = -f - 6*l + 10. Let h = 3 + f. Calculate the remainder when 33 is divided by h.
6
Let m = 404 + -381. What is the remainder when m is divided by 6?
5
Let m(h) = -h**2 + 48*h - 266. Calculate the remainder when 50 is divided by m(7).
8
Let k = -5 + 10. Suppose z + 4*f = -0 - 3, -2*z + k*f + 33 = 0. Suppose -2*h - 4*q + 1 = -q, 0 = 3*q + z. Calculate the remainder when 23 is divided by h.
3
Let m = -104 - -73. Let p = 39 + m. Calculate the remainder when 0/(-1 - 1) - -21 is divided by p.
5
Let z = 33 + -31. Suppose -3*y - 1 = -4*y, -z*x + 187 = -3*y. Calculate the remainder when x is divided by 49.
46
Suppose 11*q - 14*q + 99 = 3*o, 70 = 2*q + o. Calculate the remainder when 56 is divided by q.
19
Suppose 30 = 4*l + 2*n, -l + 10 = 2*l - n. Suppose -4*b + l*c + 189 = 0, -4*c = -5*b + 2*b + 141. Calculate the remainder when b is divided by 13.
12
Suppose 33*l = 35*l - 738. What is the remainder when l is divided by 31?
28
Let l be -1 - (-5 - -1) - 3. Suppose 5*d - 102 + 22 = l. Suppose -o + 4*m + 11 = 0, 2*o + 0 - 87 = -5*m. Calculate the remainder when o is divided by d.
15
Suppose a - x - x - 33 = 0, -120 = -4*a + 4*x. What is the remainder when a is divided by 17?
10
Let x(h) be the third derivative of -h**5/60 - h**4/24 + 17*h**3/6 - 8*h**2. Suppose 2*w - 130 = -0*w. What is the remainder when w is divided by x(0)?
14
Suppose -14*b - 17*b = -1736. What is the remainder when 166 is divided by b?
54
Let j(y) = 7*y - 10. Let a be j(5). Suppose -a = -5*z + 145. Let s(b) = 14*b**2 - 3*b. What is the remainder when s(-3) is divided by z?
33
Let l(a) = 28*a**3 + 3*a**2 - 3*a + 2. What is the remainder when 58 is divided by l(1)?
28
Let r(t) = t**2 - 18*t + 13. Let u be r(14). Let p = u - -62. Calculate the remainder when 31 is divided by p.
12
Suppose 0 = -6*f + 9*f - 108. What is the remainder when f is divided by 10?
6
Let s(r) = 22*r - 135. Suppose 4*y + 187 = 635. What is the remainder when y is divided by s(7)?
17
Calculate the remainder when 268 is divided by (130/(-39)*(-3)/(-2))/(-1).
3
Let y(a) = a**2 - 2*a. Let g be y(3). Suppose 0 = -o + 4 + g. Let c = 29 + -10. Calculate the remainder when c is divided by o.
5
Let n(